0. What is the remainder when l is divided by 18?
12
Suppose 0 = 3*i + 4*i - 2*i. Let u(q) = -2*q + 87. Calculate the remainder when u(i) is divided by 9.
6
Suppose 0 = -4*p - 0*p + 16. Calculate the remainder when -51*(20/(-15))/p is divided by (-2)/(-4) + 7/2.
1
Suppose 848 = -4*j + 3*o, -25*o = 2*j - 30*o + 438. Let p = j + 279. What is the remainder when 135 is divided by p?
65
Suppose -6*t + 163 - 31 = 0. Let k(f) = -10*f**3 + f. Let v be k(1). Let x = v - -14. What is the remainder when t is divided by x?
2
Let c be (8 - 1) + 1 + -6. Let d(v) = 4*v**3 - v**2 - 2*v - 1. What is the remainder when d(c) is divided by 16?
7
Suppose 3*r + 3*c - 31974 = 0, -513*c + 510*c + 10652 = r. Calculate the remainder when r is divided by 62.
59
Let r(m) = 13*m - 266. What is the remainder when 3909 is divided by r(33)?
160
Calculate the remainder when 17597 is divided by 480/(-60) - (-49 - 1).
41
Let v(j) = -j**3 + 6*j**2 - 4. Let b be v(6). Let y be b/(3 + -4) - -6. Let s = 4 + y. Calculate the remainder when 41 is divided by s.
13
Let u(l) = 335*l**2 + 1. Let i be u(-1). Let v = 383 - i. What is the remainder when (0 - 278/4)*-2 is divided by v?
45
Suppose 60 = -1602*b + 1617*b. Let i(m) = -5*m**3 - 3*m**2 - 3*m - 1. What is the remainder when i(-3) is divided by b?
0
Suppose 13*r - 348 = -10. Let h(n) = -n**3 + 8*n**2 - n - 12. Calculate the remainder when h(6) is divided by r.
2
Suppose -22*m + 36*m - 476 = 0. Let h = 200 + m. Calculate the remainder when h is divided by 17.
13
Let j(v) = 11*v**2 + 124*v + 364. Calculate the remainder when 358 is divided by j(-3).
85
Let m(f) = -f**2 - 38*f + 207. Let w be m(-43). What is the remainder when 2722*w/(-40) - (-4)/(-10) is divided by 78?
76
Suppose 0*l - 3*l = -4*y, 3*y = 0. Suppose 4*z - 124 = -4*o, 4*o + 3*z - 129 = -l*z. Let b = 34 - -105. What is the remainder when b is divided by o?
31
Let z = 755 + -452. Suppose 0 = 2*y + 3*b - 290, -5*b = 3*y - 130 - z. Calculate the remainder when y is divided by 53.
45
What is the remainder when (7296/72)/((3/9)/1) is divided by 2?
0
Let b(p) = 4*p**3 - 256*p**2 + 11*p + 25. What is the remainder when b(64) is divided by 49?
43
Let o(k) = -8*k**2 - 275*k - 81. Calculate the remainder when 620 is divided by o(-34).
11
Suppose 0 = 2*v - 4*p - 94, -13*p = -18*p - 10. Suppose -3*h = -3*m - 39, -2*h + 4*m - 9 = -v. Calculate the remainder when h is divided by 8.
1
Suppose 0 = 88*a - 2287 - 2025. Calculate the remainder when 192 is divided by a.
45
Calculate the remainder when 819 is divided by ((-7520)/(-84))/5 - 52/(-546).
9
Suppose 243670 = 53*b - 134379. Calculate the remainder when b is divided by 16.
13
Let i(n) = -21*n**3 - 2*n**2 - 2*n - 1. Calculate the remainder when (-13263)/17684*((-8)/2 + 2 + -234) is divided by i(-1).
17
Let w = -4925 - -5035. Calculate the remainder when 111 is divided by w.
1
Suppose -5*n - 2*v = v - 34, 2*n - 4*v = 24. Let p be (-23 - -35)/(((-18)/(-140))/3). Suppose 17*l = 94 + p. What is the remainder when l is divided by n?
6
Calculate the remainder when 313 is divided by -16*219/(-24) + (-2)/(-2).
19
Suppose 5*i = 411 - 31. Suppose 4*k - 368*d - 98 = -373*d, d - 6 = 0. What is the remainder when i is divided by k?
8
Let y(s) be the first derivative of -s**2 + 41*s - 84. Calculate the remainder when 259 is divided by y(15).
6
Let n be 7/((-21)/12)*(-540)/(-48). Calculate the remainder when 427 is divided by -1 + 3 + (n - -54).
9
Suppose -177 = -8*g + 399. What is the remainder when 249 is divided by g?
33
Let b(y) = 30*y**3 - 2*y**2 + y. Suppose -3*w + 7 = -14. Suppose 0 = w*p - 48 - 29. Calculate the remainder when b(1) is divided by p.
7
Let g(q) = 4*q**3 + 18*q**2 - 50*q. Calculate the remainder when 223 is divided by g(3).
103
Let h(u) = 13*u**2 - 5*u + 2. Calculate the remainder when h(4) is divided by 14.
8
Let n(s) = s**3 - 25*s**2 - 74*s + 1353. Calculate the remainder when 835 is divided by n(26).
100
Let g = 6995 + -5234. Calculate the remainder when g is divided by 580.
21
Suppose 4*p = 19*p. Suppose -2*m + 5*h + 45 = 0, 4*m - 81 = h - p*h. Let c = 5 - 2. What is the remainder when m is divided by c?
2
Suppose -6*i + 1548 - 72 = 0. Calculate the remainder when i is divided by 12.
6
Let j = 119 - 114. Let r(d) = 23*d - 41. Suppose 42 + 10 = 4*u. Calculate the remainder when r(j) is divided by u.
9
What is the remainder when 15522 is divided by -412 + 450 + 5*1?
42
Let d be ((-15)/10)/(3/(-10)). Suppose d*t + 70 = 5*z - 0*t, -5*z = t - 52. What is the remainder when 73 is divided by 44/z - (-42)/2?
23
Suppose -5*x - 70 = -3*f, -5*x = 194*f - 193*f - 50. What is the remainder when 440 is divided by f?
20
Suppose 0 = 3*l - 2*o - 0*o - 19, -3*o - 25 = -4*l. Suppose -40*q = -57*q + 3519. What is the remainder when q is divided by l?
4
Let z(i) = -i**2 + 17*i + 38 - 15 + 17 + 2 - 2*i**3. What is the remainder when 209 is divided by z(-3)?
29
Let w(b) = 10*b**2 + 26*b + 29. What is the remainder when 210 is divided by w(-4)?
40
What is the remainder when 748 is divided by (-579)/(-24)*184/(14 + 9)?
169
Suppose -19*r = -1 - 56. Calculate the remainder when (-12)/(r/(-1)) - (2 + -131) is divided by 38.
19
Let l be 2*94/(-8)*(40 + -46). Suppose c = 5*i + l, -803 = -4*c + 3*i - 273. What is the remainder when c is divided by 47?
37
Suppose 79 = 5*w + 3*v, 5*w = 5*v + 137 - 42. Suppose w*j = 33*j - 2368. What is the remainder when j is divided by 22?
16
Let l = 23 + 6. Suppose -p = 4*h + 426 - 1224, -h + p = -202. What is the remainder when h is divided by l?
26
Suppose l - 87*y + 90*y = 0, 0 = l - 3*y - 30. Let r be 4 - 1 - (-5 - -4). Calculate the remainder when (24/r - 4) + 22 is divided by l.
9
Let z(j) = 2*j**2 - 86*j - 332. Calculate the remainder when 1054 is divided by z(47).
42
Let q = -161 - -99. Let v = q - -114. What is the remainder when v is divided by 8?
4
Suppose 10*a - 112 = 208. Suppose c + 2*u - 2 = -7, 3*c + 25 = 4*u. Let t = 0 - c. What is the remainder when a is divided by t?
4
Let h = -157 - 101. Let p be 4 + h/(-33) - 6/(-33). Suppose 69*v + p = 70*v. Calculate the remainder when 45 is divided by v.
9
Let z be (-420)/(-245)*(-14)/(-4). Suppose z*c + 832 = 32*c. What is the remainder when c is divided by 22?
10
Suppose 2*j - 18 = -7*j. Let c(y) = 1. Let h(w) = 51*w - 3. Let v(s) = -6*c(s) + 3*h(s). Calculate the remainder when v(j) is divided by 14.
11
Let z be 0/(-18*7/14). Let o(i) be the second derivative of -i**5/20 - i**4/12 - i**3/6 + 37*i**2/2 - 3*i. Calculate the remainder when o(z) is divided by 27.
10
Let g(m) = -m + 5. Let y be g(0). Suppose 4*p - 176 = -2*x + 118, p + y*x = 78. What is the remainder when p is divided by -6*((-3)/6 + -2)?
13
Let j be (3/(-6))/(2/(-4)). Let z(i) = 10*i**2 - 2*i + 1. Let h(s) = 10795*s + 97198. Calculate the remainder when h(-9) is divided by z(j).
7
Let z(m) be the first derivative of -57*m**4/4 + 2*m**3/3 - 3*m**2/2 + 2*m - 11. Let j be z(1). Calculate the remainder when -21 - j - (-3)/1 is divided by 13.
12
Let f(g) = g**3 - 2*g**2 - 3*g + 3. Let a be f(3). Suppose 0 = -a*u - 49 - 104. Let q = 60 + u. What is the remainder when q is divided by 4?
1
Suppose -3*a = -2*k + 23, 0 = -k + a - 2*a - 1. Calculate the remainder when -771*3/(-18)*k is divided by 43.
41
Let x(j) = -j**2 - 10*j + 7. Let v(t) = -111*t + 2927. What is the remainder when v(26) is divided by x(-9)?
9
Suppose -5*p + 18 = -3*p. Suppose 0 = -j + 14 - p. Suppose -164 = -x + y, x - j*y - 137 = 23. Calculate the remainder when x is divided by 28.
25
Let h(m) = -m**2 - 2*m + 34. Let i be h(-7). Let n = i - -14. Let r = 38 + -18. What is the remainder when r is divided by n?
7
Suppose 10*a - 11*a - 30 = 0. Let p = a + 52. Suppose -35*g = -30*g - 30. Calculate the remainder when p is divided by g.
4
Suppose -22 = -6*u + 14, 4*z - 2*u = 608. What is the remainder when 365 is divided by z?
55
Let m be 42/((1/(-1))/1). Let c = -7 - m. Suppose -a + c = 4*a - 3*j, -2*j - 10 = -2*a. Calculate the remainder when 57 is divided by a.
7
Let d = 26327 + -18194. Calculate the remainder when d is divided by 49.
48
Suppose -2848 - 4122 = -41*q. What is the remainder when q is divided by 16?
10
Let z be 0 - (-18 + 19 + -5 + 0). Suppose 8 = z*p, -4*n + 0*p - 4*p = -28. What is the remainder when 13 is divided by n?
3